[INFO] fetching crate sval 2.5.0...
[INFO] checking sval-2.5.0 against master#e6e4f7ed1589e03bc2f6c5931c1a72e7947e8682 for beta-170-4
[INFO] extracting crate sval 2.5.0 into /workspace/builds/worker-1-tc2/source
[INFO] validating manifest of crates.io crate sval 2.5.0 on toolchain e6e4f7ed1589e03bc2f6c5931c1a72e7947e8682
[INFO] running `Command { std: CARGO_HOME="/workspace/cargo-home" RUSTUP_HOME="/workspace/rustup-home" "/workspace/cargo-home/bin/cargo" "+e6e4f7ed1589e03bc2f6c5931c1a72e7947e8682" "metadata" "--manifest-path" "Cargo.toml" "--no-deps", kill_on_drop: false }`
[INFO] started tweaking crates.io crate sval 2.5.0
[INFO] finished tweaking crates.io crate sval 2.5.0
[INFO] tweaked toml for crates.io crate sval 2.5.0 written to /workspace/builds/worker-1-tc2/source/Cargo.toml
[INFO] crate crates.io crate sval 2.5.0 already has a lockfile, it will not be regenerated
[INFO] running `Command { std: CARGO_HOME="/workspace/cargo-home" RUSTUP_HOME="/workspace/rustup-home" "/workspace/cargo-home/bin/cargo" "+e6e4f7ed1589e03bc2f6c5931c1a72e7947e8682" "fetch" "--manifest-path" "Cargo.toml", kill_on_drop: false }`
[INFO] running `Command { std: "docker" "create" "-v" "/var/lib/crater-agent-workspace/builds/worker-1-tc2/target:/opt/rustwide/target:rw,Z" "-v" "/var/lib/crater-agent-workspace/builds/worker-1-tc2/source:/opt/rustwide/workdir:ro,Z" "-v" "/var/lib/crater-agent-workspace/cargo-home:/opt/rustwide/cargo-home:ro,Z" "-v" "/var/lib/crater-agent-workspace/rustup-home:/opt/rustwide/rustup-home:ro,Z" "-e" "SOURCE_DIR=/opt/rustwide/workdir" "-e" "CARGO_TARGET_DIR=/opt/rustwide/target" "-e" "CARGO_HOME=/opt/rustwide/cargo-home" "-e" "RUSTUP_HOME=/opt/rustwide/rustup-home" "-w" "/opt/rustwide/workdir" "-m" "1610612736" "--user" "0:0" "--network" "none" "ghcr.io/rust-lang/crates-build-env/linux@sha256:5ff2268d62e97bff2cde7d5815dd6ed5b47097566f13b8d0ca110b04b60e07ed" "/opt/rustwide/cargo-home/bin/cargo" "+e6e4f7ed1589e03bc2f6c5931c1a72e7947e8682" "metadata" "--no-deps" "--format-version=1", kill_on_drop: false }`
[INFO] [stdout] 4779cb5466c9dc97c16bee9d0decf79b3a6c524b921ed90a0dab3a9cd725a955
[INFO] running `Command { std: "docker" "start" "-a" "4779cb5466c9dc97c16bee9d0decf79b3a6c524b921ed90a0dab3a9cd725a955", kill_on_drop: false }`
[INFO] running `Command { std: "docker" "inspect" "4779cb5466c9dc97c16bee9d0decf79b3a6c524b921ed90a0dab3a9cd725a955", kill_on_drop: false }`
[INFO] running `Command { std: "docker" "rm" "-f" "4779cb5466c9dc97c16bee9d0decf79b3a6c524b921ed90a0dab3a9cd725a955", kill_on_drop: false }`
[INFO] [stdout] 4779cb5466c9dc97c16bee9d0decf79b3a6c524b921ed90a0dab3a9cd725a955
[INFO] running `Command { std: "docker" "create" "-v" "/var/lib/crater-agent-workspace/builds/worker-1-tc2/target:/opt/rustwide/target:rw,Z" "-v" "/var/lib/crater-agent-workspace/builds/worker-1-tc2/source:/opt/rustwide/workdir:ro,Z" "-v" "/var/lib/crater-agent-workspace/cargo-home:/opt/rustwide/cargo-home:ro,Z" "-v" "/var/lib/crater-agent-workspace/rustup-home:/opt/rustwide/rustup-home:ro,Z" "-e" "SOURCE_DIR=/opt/rustwide/workdir" "-e" "CARGO_TARGET_DIR=/opt/rustwide/target" "-e" "CARGO_INCREMENTAL=0" "-e" "RUST_BACKTRACE=full" "-e" "RUSTFLAGS=--cap-lints=forbid" "-e" "RUSTDOCFLAGS=--cap-lints=forbid" "-e" "CARGO_HOME=/opt/rustwide/cargo-home" "-e" "RUSTUP_HOME=/opt/rustwide/rustup-home" "-w" "/opt/rustwide/workdir" "-m" "1610612736" "--user" "0:0" "--network" "none" "ghcr.io/rust-lang/crates-build-env/linux@sha256:5ff2268d62e97bff2cde7d5815dd6ed5b47097566f13b8d0ca110b04b60e07ed" "/opt/rustwide/cargo-home/bin/cargo" "+e6e4f7ed1589e03bc2f6c5931c1a72e7947e8682" "check" "--frozen" "--all" "--all-targets" "--message-format=json", kill_on_drop: false }`
[INFO] [stdout] 17dcb580e3edf1d6da2813e79c5d56595d80d73985ca83ee16256ee96720f8b9
[INFO] running `Command { std: "docker" "start" "-a" "17dcb580e3edf1d6da2813e79c5d56595d80d73985ca83ee16256ee96720f8b9", kill_on_drop: false }`
[INFO] [stderr]     Checking humantime v2.1.0
[INFO] [stderr]     Checking sval v2.5.0 (/opt/rustwide/workdir)
[INFO] [stdout] error[E0463]: can't find crate for `sval_derive`
[INFO] [stdout]   --> examples/tags.rs:11:1
[INFO] [stdout]    |
[INFO] [stdout] 11 | extern crate sval_derive;
[INFO] [stdout]    | ^^^^^^^^^^^^^^^^^^^^^^^^^ can't find crate
[INFO] [stdout] 
[INFO] [stdout] 
[INFO] [stdout] error[E0463]: can't find crate for `sval_derive`
[INFO] [stdout]  --> examples/value_derive.rs:8:1
[INFO] [stdout]   |
[INFO] [stdout] 8 | extern crate sval_derive;
[INFO] [stdout]   | ^^^^^^^^^^^^^^^^^^^^^^^^^ can't find crate
[INFO] [stdout] 
[INFO] [stdout] 
[INFO] [stdout] error: cannot find derive macro `Value` in this scope
[INFO] [stdout]   --> examples/value_derive.rs:12:10
[INFO] [stdout]    |
[INFO] [stdout] 12 | #[derive(Value)]
[INFO] [stdout]    |          ^^^^^
[INFO] [stdout] 
[INFO] [stdout] 
[INFO] [stdout] error: cannot find derive macro `Value` in this scope
[INFO] [stdout]   --> examples/tags.rs:15:10
[INFO] [stdout]    |
[INFO] [stdout] 15 | #[derive(Value)]
[INFO] [stdout]    |          ^^^^^
[INFO] [stdout] 
[INFO] [stdout] 
[INFO] [stdout] error: cannot find attribute `sval` in this scope
[INFO] [stdout]   --> examples/tags.rs:16:3
[INFO] [stdout]    |
[INFO] [stdout] 16 | #[sval(tag = "UNIX_TIMESTAMP")]
[INFO] [stdout]    |   ^^^^
[INFO] [stdout]    |
[INFO] [stdout]    = note: `sval` is in scope, but it is a crate, not an attribute
[INFO] [stdout] 
[INFO] [stdout] 
[INFO] [stdout] error[E0277]: the trait bound `Timestamp: Value` is not satisfied
[INFO] [stdout]    --> examples/tags.rs:20:12
[INFO] [stdout]     |
[INFO] [stdout] 20  |     stream(Timestamp(1675154443))?;
[INFO] [stdout]     |     ------ ^^^^^^^^^^^^^^^^^^^^^ the trait `Value` is not implemented for `Timestamp`
[INFO] [stdout]     |     |
[INFO] [stdout]     |     required by a bound introduced by this call
[INFO] [stdout]     |
[INFO] [stdout]     = help: the following other types implement trait `Value`:
[INFO] [stdout]               &'a T
[INFO] [stdout]               ()
[INFO] [stdout]               (T0, T1)
[INFO] [stdout]               (T0, T1, T2)
[INFO] [stdout]               (T0, T1, T2, T3)
[INFO] [stdout]               (T0, T1, T2, T3, T4)
[INFO] [stdout]               (T0, T1, T2, T3, T4, T5)
[INFO] [stdout]               (T0, T1, T2, T3, T4, T5, T6)
[INFO] [stdout]             and 30 others
[INFO] [stdout] note: required by a bound in `stream`
[INFO] [stdout]    --> examples/tags.rs:131:19
[INFO] [stdout]     |
[INFO] [stdout] 131 | fn stream(v: impl sval::Value) -> sval::Result {
[INFO] [stdout]     |                   ^^^^^^^^^^^ required by this bound in `stream`
[INFO] [stdout] 
[INFO] [stdout] 
[INFO] [stdout] error[E0277]: the trait bound `MyData<'_>: Value` is not satisfied
[INFO] [stdout]   --> examples/value_derive.rs:19:12
[INFO] [stdout]    |
[INFO] [stdout] 19 |       stream(MyData {
[INFO] [stdout]    |  _____------_^
[INFO] [stdout]    | |     |
[INFO] [stdout]    | |     required by a bound introduced by this call
[INFO] [stdout] 20 | |         id: 547,
[INFO] [stdout] 21 | |         title: "Some data",
[INFO] [stdout] 22 | |     })?;
[INFO] [stdout]    | |_____^ the trait `Value` is not implemented for `MyData<'_>`
[INFO] [stdout]    |
[INFO] [stdout]    = help: the following other types implement trait `Value`:
[INFO] [stdout]              &'a T
[INFO] [stdout]              ()
[INFO] [stdout]              (T0, T1)
[INFO] [stdout]              (T0, T1, T2)
[INFO] [stdout]              (T0, T1, T2, T3)
[INFO] [stdout]              (T0, T1, T2, T3, T4)
[INFO] [stdout]              (T0, T1, T2, T3, T4, T5)
[INFO] [stdout]              (T0, T1, T2, T3, T4, T5, T6)
[INFO] [stdout]            and 30 others
[INFO] [stdout] note: required by a bound in `stream`
[INFO] [stdout]   --> examples/value_derive.rs:27:19
[INFO] [stdout]    |
[INFO] [stdout] 27 | fn stream(v: impl sval::Value) -> sval::Result {
[INFO] [stdout]    |                   ^^^^^^^^^^^ required by this bound in `stream`
[INFO] [stdout] 
[INFO] [stdout] 
[INFO] [stdout] error: aborting due to 3 previous errors
[INFO] [stdout] 
[INFO] [stdout] 
[INFO] [stdout] Some errors have detailed explanations: E0277, E0463.
[INFO] [stdout] 
[INFO] [stdout] For more information about an error, try `rustc --explain E0277`.
[INFO] [stdout] 
[INFO] [stdout] error: aborting due to 4 previous errors
[INFO] [stdout] 
[INFO] [stdout] 
[INFO] [stdout] Some errors have detailed explanations: E0277, E0463.
[INFO] [stdout] 
[INFO] [stdout] For more information about an error, try `rustc --explain E0277`.
[INFO] [stdout] 
[INFO] [stderr] error: could not compile `sval` (example "value_derive") due to 4 previous errors
[INFO] [stderr] warning: build failed, waiting for other jobs to finish...
[INFO] [stderr] error: could not compile `sval` (example "tags") due to 5 previous errors
[INFO] running `Command { std: "docker" "inspect" "17dcb580e3edf1d6da2813e79c5d56595d80d73985ca83ee16256ee96720f8b9", kill_on_drop: false }`
[INFO] running `Command { std: "docker" "rm" "-f" "17dcb580e3edf1d6da2813e79c5d56595d80d73985ca83ee16256ee96720f8b9", kill_on_drop: false }`
[INFO] [stdout] 17dcb580e3edf1d6da2813e79c5d56595d80d73985ca83ee16256ee96720f8b9
